ppose 3*o - q = 7*o. Let l(d) = 5*d**3 + d**2 + 2*d + 1. Determine l(o).
-5
Let x(z) be the second derivative of -4*z**3/3 + 5*z. Calculate x(-1).
8
Let x be (2 - 0) + 1/(-1). Let c(y) = y**2 + 9*y. Let n be c(-9). Let a(h) = 0*h + h**2 + n*h - 1 + h**2. Determine a(x).
1
Suppose 44 - 47 = 3*a. Let c(h) = 9*h**3 + 2*h + 1. What is c(a)?
-10
Let p(k) = -3*k - 1. Let l(r) = r**2 - 6*r + 5. Let h(y) = -4*y. Let a be h(-1). Let w be l(a). What is p(w)?
8
Suppose -2*a + a + 5*b = -29, 0 = 3*b + 15. Let i(w) = w**2 - 2*w - 3. What is i(a)?
5
Let r = -6 - -11. Suppose 2*c = -c - 3*p + 3, -3*p - r = -5*c. Let b(a) = -c + 5*a + 3 - 4*a. Determine b(-4).
-2
Let t be ((-9)/6 - -2)*42. Let x = -35 + t. Let i be -3*(x/6 + 2). Let o(p) = p**3 - 2*p**2 + 2*p - 1. Give o(i).
0
Let c = -1 + 7. Let b be 21/(-4) + c/24. Let k(f) = 4*f + 5. Determine k(b).
-15
Suppose -5*y - 3*w - 35 = -8*w, -5 = -w. Let j(x) = -x**3 - x**2 + 2*x. Determine j(y).
0
Let z(x) = x**2 + 8*x + 9. Let u be 0 - -23 - (-1 - 0). Suppose -22 = 3*i - 2*v, i - 3*v + u = -2*i. Calculate z(i).
-3
Let a be 6*(-3)/(-18) + -1 + 1. Let m(z) = -5*z**2 + 1 + 4*z**2 - 2. Calculate m(a).
-2
Let f(p) = -2*p. Suppose -3*r + 9 = 0, 25 = -2*w + 3*r + 2*r. Let z = w + 8. Give f(z).
-6
Suppose -5*g - 7 = 13. Let u be (-4)/16*g*5. Let r(k) = -k**2 + 5*k + 3. Give r(u).
3
Let v(a) = a**2 - a - 1. Let z(h) = -3*h**2 + 2*h + 2. Let m(y) = -2*v(y) - z(y). Let o = 0 + 4. Suppose -n = -o*n. Determine m(n).
0
Let c(b) = b - 6. Let f be c(6). Let z(d) = d**2 + d. Calculate z(f).
0
Suppose 6 = -3*o + 4*p - 3, -5*o - 3*p = 15. Let c(r) = -5*r**3 + 7*r**2 + 12*r - 1. Let t(k) = k**3 - 2*k**2 - 3*k. Let f(w) = 2*c(w) + 9*t(w). Determine f(o).
-2
Let s(j) = -3*j**3 + 9*j**2 + 3*j - 3. Let v(u) = -4*u**3 + 10*u**2 + 3*u - 4. Let p(f) = 5*s(f) - 4*v(f). Calculate p(-4).
5
Let a(v) be the second derivative of v**5/20 - v**4/2 + 7*v**3/6 - 3*v**2 - v. Suppose -2*h - 10 = -20. Give a(h).
4
Let h be (10/6)/((-4)/(-48)). Suppose -u = 4*u - h. Let y(w) = -6*w**2 + 13*w - 11. Let q(a) = -a**2 + a - 1. Let b(c) = 5*q(c) - y(c). Determine b(u).
-10
Let f(q) be the first derivative of 1/4*q**4 - 4*q + 2*q**2 + 4 - 4/3*q**3. What is f(3)?
-1
Let j be (748/(-120))/(-17) - (-1)/(-5). Let h(a) be the third derivative of j*a**3 + 0 + 0*a - 1/60*a**5 - 1/12*a**4 + 2*a**2. Calculate h(2).
-7
Let g(y) be the second derivative of 7*y**3/3 + y**2/2 + 2*y. Calculate g(-1).
-13
Suppose -4*r = -4 - 76. Let u be (2/(-2))/((-4)/r). Let y(x) = -x**3 + 6*x**2 - 5*x - 7. Determine y(u).
-7
Suppose 0 = 2*c + b + 2, -b + 4 = -c - 3*c. Let o(i) = -4*i - 2. Let v(w) = -2*w - 1. Let j(f) = 2*o(f) - 5*v(f). Calculate j(c).
-1
Let z(y) be the third derivative of y**4/24 - 4*y**3/3 - 9*y**2. Determine z(6).
-2
Let f(w) be the first derivative of w - 3/4*w**4 + 0*w**2 - 3 - 2/3*w**3. What is f(1)?
-4
Suppose 6*w = w + 5. Let n(t) = -t**2 - 4*t**2 + t + 0*t**2 + w. Determine n(-1).
-5
Let m(y) = 9*y**2 - 4 + 1 - y**2 + 2 - y**3. Calculate m(8).
-1
Let x(t) = -t**2 - 6*t - 5. Suppose -6*l + 5*l = 6. Determine x(l).
-5
Let j(x) = x**2 - 15*x + 6. Let q be j(15). Let v(s) = -s**3 + 5*s**2 + 5*s. What is v(q)?
-6
Let h(u) = -10*u**3 + 4*u**2 + 10*u + 1. Let o(j) = -j**2 - 2*j. Let m(t) = -h(t) - 5*o(t). Let q be ((-4)/(-3) + -1)*-3. Determine m(q).
-10
Let h(x) be the second derivative of -x**5/20 - x**4/3 - x**3/6 + 2*x**2 - 2*x. Let m(u) = u**2 + 7*u + 5. Let p be m(-6). Let w = p - 2. What is h(w)?
-2
Let h(f) = f**2 - f - 1. Let c be 1 - 4/(0 - -2). Let y be h(c). Let s(d) be the second derivative of 5*d**4/12 + d**3/6 - d**2/2 + 2*d. Calculate s(y).
5
Let t(h) = -h**2 + 3*h - 4. Suppose -5*b = -4*u, 3*b + u = 7*b - 11. Determine t(b).
-8
Suppose -4*a = -13 - 7. Let n(u) = -4 + 5 + 2*u + 5 - a. What is n(4)?
9
Let g(o) = o**2 + 8*o + 4. Let q(k) = -4*k**2 - 33*k - 15. Let v(d) = 9*g(d) + 2*q(d). Let m be (-38)/7 + (-21)/(-49). What is v(m)?
1
Let v be 2/(16/6 - 2). Let i(x) be the second derivative of 1/12*x**4 + 3*x + 2*x**2 + 0 - 1/2*x**3. Calculate i(v).
4
Let k(n) be the first derivative of n**4/4 - 4*n**3/3 + n - 2. Suppose 3*x + 2*x = 10. Calculate k(x).
-7
Let j(w) = -33*w**3 + w**2 - 2*w + 1. Let o(z) = -z + 2. Let t be o(1). Calculate j(t).
-33
Let o(g) = -3*g**3 - 3*g**2 + 11*g + 3. Let c(b) = -b**3 + b**2 + b. Let v(x) = -4*c(x) + o(x). What is v(6)?
9
Let y(u) = -u**3 + 7*u**2 - 4*u - 5. Let o(k) = 11*k**2 + 3*k. Let p(x) = -10*x**2 - 2*x. Let r(t) = -3*o(t) - 4*p(t). Let w be r(1). What is y(w)?
7
Let r = 37/3 + -12. Let x(y) be the first derivative of -2 + 2*y**2 + y + r*y**3. Give x(-5).
6
Let l be 1*(7 - (-4)/(-2)). Suppose l*h + 25 = -0*h. Let t(x) = -5*x - 6. Let c(o) = 6*o + 7. Let y(n) = -4*c(n) - 5*t(n). Calculate y(h).
-3
Suppose 2*p - 8 = -s, -2*p = -2*s + 3*p + 52. Suppose 0*c = -4*c + s. Suppose c = q + 3*q. Let i(t) = 2*t**3 + 1. Give i(q).
3
Let n(l) be the second derivative of -l**3/3 + l**2/2 + 5*l. Determine n(3).
-5
Let i(o) be the second derivative of -o**3/3 + 3*o. Suppose 4*t = -4 - 0. Determine i(t).
2
Let x(o) = -o**2 + 3*o - 2. Let s(k) = k - 1. Let t(r) = -4*s(r) + x(r). Calculate t(2).
-4
Let b(x) = x - 3. Suppose -24 = -4*y + y. Suppose -g + 2*l + y = 0, -g + l + 6 = -0*g. Calculate b(g).
1
Let y(a) = -a**2 - 4*a + 6. Suppose -23 = 3*u - 8. Calculate y(u).
1
Let o(c) = c. Let b(w) = -9*w - 1. Let d(x) = b(x) + 5*o(x). Let n(q) = q**3 - 2*q**2 - q + 1. Let t be n(2). What is d(t)?
3
Let p(f) = f**2 - 4*f + 1 - 5*f + 14*f. Determine p(-5).
1
Let g = -1103/12 + 92. Let f(x) be the third derivative of 0*x**5 + 0 + 0*x + g*x**4 - 1/6*x**3 - 1/24*x**6 + x**2. What is f(1)?
-4
Let x(k) = 3*k - 29 + 52 - k**2 - 21. Calculate x(5).
-8
Let h(i) = i**2. Let l(f) = 1 + 10*f**2 - 3*f - 4*f**2 + 0. Let b(z) = 5*h(z) - l(z). Give b(1).
1
Let y(c) = c**3 + 3*c**2 - 5*c + 2. Suppose 15 - 7 = 2*b. Suppose 2*a = a - b. Determine y(a).
6
Let i(z) = 6*z - 35. Let l be i(5). Let k(a) = a + 7. Give k(l).
2
Suppose 4*z - w = 6, -5*w - 2 = -z - 10. Let n(i) be the second derivative of i**5/20 - i**4/3 + i**3/3 + i**2 - 2*i. What is n(z)?
-2
Let u = 12 - 9. Let f(r) be the first derivative of -r**3 + 1/2*r**2 - r + 1 + 1/4*r**4. Determine f(u).
2
Suppose -j = 3*j. Suppose 0 = 3*w - 5*b - 2 - 29, j = 5*w + 3*b + 5. Let g = w - 3. Let p(y) = y. What is p(g)?
-1
Let i(w) = 5*w**3 - 12*w**2 - 8*w - 15. Let t(c) = -4*c**3 + 11*c**2 + 7*c + 14. Let k(h) = -5*i(h) - 6*t(h). Give k(-6).
3
Let u(t) = -t**2 + t + 4. Let h(b) = 2*b - 15. Let z be h(6). Determine u(z).
-8
Let a(b) be the third derivative of -b**4/24 - b**3/3 - 7*b**2. Give a(-2).
0
Let h(x) = -16*x + 26. Let a(i) = 3*i - 5. Let g(q) = 11*a(q) + 2*h(q). What is g(7)?
4
Let h(f) = 11*f + 1. Let n(a) = -5*a. Suppose -13 = -4*g - 41. Let w(j) = g*n(j) - 3*h(j). Determine w(5).
7
Let u(c) = c**3 - 4*c**2 + 4*c - 1. Suppose 53 = -5*w - 67. Let d be w/20*5/(-2). Suppose 4*y = -2*o + 3*y + 3, -18 = -3*o + d*y. Give u(o).
2
Let r(d) = 0 + 4 - 2 - 4 - 2*d. Calculate r(-3).
4
Let l(b) = -11*b - 4. Let j(d) be the third derivative of -7*d**4/24 - d**3/2 + d**2. Let x(u) = 8*j(u) - 5*l(u). Suppose 0 = 6*k - k - 15. What is x(k)?
-7
Let b(g) = g + 4. Let h(v) = -v**3 - v**2 + v + 5. Let q(m) = m - 5. Let z be q(5). Let u be h(z). Suppose -2*n - 2 = o, u*n - o = 5 - 3. What is b(n)?
4
Suppose -5*p - 5*z = -15, -2*z + 36 = 5*p - 4*z. Let n be (30/(-25))/(p/(-40)). Let s(k) = -1 + k - 8 + n. What is s(0)?
-1
Suppose -3 = 4*g + 9. Let w = -4 - g. Let o(c) = -c - 2. What is o(w)?
-1
Let u(f) = 5*f - 8. Let k(l) = 5*l - 7. Suppose -q - 5*g = -0*q - 10, -5*g = -5*q + 20. Let p(v) = q*u(v) - 6*k(v). What is p(2)?
-8
Let d(j) be the third derivative of j**5/60 + j**4/4 + j**3/6 - 15*j**2. Calculate d(-5).
-4
Let r = 90 - 100. Let c(b) = b**3 + 10*b**2 + b + 9. What is c(r)?
-1
Let t be (3 - (2 - -1))*1. Let a(o) = -5 + t*o - 2 - 3*o. Give a(-6).
11
Let h = -12 - -12. Let p(w) be the third derivative of -1/12*w**4 - 1/60*w**5 + h + 1/2*w**3 + 0*w - 2*w**2. Determine p(-3).
0
Let u(a) be the second derivative of 1/4*a**4 + 2/3*a**3 - 2*a + 0 + 3/2*a**2. Let j be ((-2)/1)/(3 - 2). Determine u(j).
7
Let y(b) = -14*b. Let r(s) = s. Let l(c) = -21*r(c) - y(c). Let w(q) = q**3 + 5*q**2 - 7*q - 7. Let p be w(-6). Giv